{"id":2747,"date":"2024-04-10T16:00:06","date_gmt":"2024-04-10T14:00:06","guid":{"rendered":"https:\/\/dobprojekti.splet.arnes.si\/?page_id=2747"},"modified":"2024-04-10T16:00:07","modified_gmt":"2024-04-10T14:00:07","slug":"skupinska-mobilnost-ucencev-na-cesko","status":"publish","type":"page","link":"https:\/\/www.projekti.osdobje.si\/?page_id=2747","title":{"rendered":"Skupinska mobilnost u\u010dencev na \u010ce\u0161ko"},"content":{"rendered":"\n<p>\u0160est u\u010dencev sedmega razreda se je v tednu od 18. do 22. marca 2024 udele\u017eilo skupinske mobilnosti na osnovno \u0161olo <a href=\"https:\/\/www.zszruc.cz\/\">Zakladni \u0161kola Zru\u010d nad Sazavou<\/a>.<\/p>\n\n\n\n<p>Med bivanjem na \u010ce\u0161kem so na\u0161i u\u010denci svojim vrstnikom predstavili na\u0161o \u0161olo, Dobje in Slovenijo, izkusili metode raziskovanja lastnega po\u010dutja, \u00a0se udele\u017eili pouka ob uporabi digitalne tehnologije, izven zidov \u0161ole ozave\u0161\u010dali pomen vode in \u010debel, \u00a0stkali nova poznanstva, spoznavali kulturno-zgodovinske znamenitosti bli\u017enje in daljne okolice in se urili v angle\u0161\u010dini.<\/p>\n\n\n\n<p>Tako u\u010denci, kot u\u010ditelji spremljevalci so potovali s kombijem, v \u0161olo hodili pe\u0161, med raziskovanjem \u0161ir\u0161e okolice pa so uporabljali tudi javni prevoz. Veseli nas, da smo v okviru projekta udele\u017eencem omogo\u010dili edinstveno prilo\u017enost bivanja in u\u010denja v tujem okolju.<\/p>\n\n\n\n<figure class=\"wp-block-image size-large\"><img loading=\"lazy\" decoding=\"async\" width=\"1024\" height=\"577\" src=\"https:\/\/www.projekti.osdobje.si\/files\/2024\/04\/praga-1024x577.jpg\" alt=\"\" class=\"wp-image-2748\" srcset=\"https:\/\/www.projekti.osdobje.si\/files\/2024\/04\/praga-1024x577.jpg 1024w, https:\/\/www.projekti.osdobje.si\/files\/2024\/04\/praga-300x169.jpg 300w, https:\/\/www.projekti.osdobje.si\/files\/2024\/04\/praga-768x432.jpg 768w, https:\/\/www.projekti.osdobje.si\/files\/2024\/04\/praga-1536x865.jpg 1536w, https:\/\/www.projekti.osdobje.si\/files\/2024\/04\/praga-500x282.jpg 500w, https:\/\/www.projekti.osdobje.si\/files\/2024\/04\/praga.jpg 1600w\" sizes=\"auto, (max-width: 1024px) 100vw, 1024px\" \/><\/figure>\n\n\n\n<figure class=\"wp-block-image size-large\"><img loading=\"lazy\" decoding=\"async\" width=\"1024\" height=\"768\" src=\"https:\/\/www.projekti.osdobje.si\/files\/2024\/04\/ikt-1024x768.jpg\" alt=\"\" class=\"wp-image-2750\" srcset=\"https:\/\/www.projekti.osdobje.si\/files\/2024\/04\/ikt-1024x768.jpg 1024w, https:\/\/www.projekti.osdobje.si\/files\/2024\/04\/ikt-300x225.jpg 300w, https:\/\/www.projekti.osdobje.si\/files\/2024\/04\/ikt-768x576.jpg 768w, https:\/\/www.projekti.osdobje.si\/files\/2024\/04\/ikt-1536x1152.jpg 1536w, https:\/\/www.projekti.osdobje.si\/files\/2024\/04\/ikt-400x300.jpg 400w, https:\/\/www.projekti.osdobje.si\/files\/2024\/04\/ikt.jpg 2048w\" sizes=\"auto, (max-width: 1024px) 100vw, 1024px\" \/><\/figure>\n\n\n\n<figure class=\"wp-block-gallery has-nested-images columns-default is-cropped wp-block-gallery-1 is-layout-flex wp-block-gallery-is-layout-flex\">\n<figure class=\"wp-block-image size-large\"><img loading=\"lazy\" decoding=\"async\" width=\"1024\" height=\"577\" data-id=\"2751\" src=\"https:\/\/www.projekti.osdobje.si\/files\/2024\/04\/voda-1024x577.jpg\" alt=\"\" class=\"wp-image-2751\" srcset=\"https:\/\/www.projekti.osdobje.si\/files\/2024\/04\/voda-1024x577.jpg 1024w, https:\/\/www.projekti.osdobje.si\/files\/2024\/04\/voda-300x169.jpg 300w, https:\/\/www.projekti.osdobje.si\/files\/2024\/04\/voda-768x432.jpg 768w, https:\/\/www.projekti.osdobje.si\/files\/2024\/04\/voda-1536x865.jpg 1536w, https:\/\/www.projekti.osdobje.si\/files\/2024\/04\/voda-500x282.jpg 500w, https:\/\/www.projekti.osdobje.si\/files\/2024\/04\/voda.jpg 1600w\" sizes=\"auto, (max-width: 1024px) 100vw, 1024px\" \/><\/figure>\n<\/figure>\n","protected":false},"excerpt":{"rendered":"<p>\u0160est u\u010dencev sedmega razreda se je v tednu od 18. do 22. marca 2024 udele\u017eilo skupinske mobilnosti na osnovno \u0161olo Zakladni \u0161kola Zru\u010d nad Sazavou. Med bivanjem na \u010ce\u0161kem so na\u0161i u\u010denci svojim vrstnikom predstavili na\u0161o \u0161olo, Dobje in Slovenijo, &hellip; <a href=\"https:\/\/www.projekti.osdobje.si\/?page_id=2747\">Beri naprej <span class=\"meta-nav\">&rarr;<\/span><\/a><\/p>\n","protected":false},"author":79491,"featured_media":0,"parent":0,"menu_order":0,"comment_status":"closed","ping_status":"closed","template":"","meta":{"ngg_post_thumbnail":0,"footnotes":"","_expiration-date-status":"","_expiration-date":1712756770,"_expiration-date-type":"draft","_expiration-date-categories":[],"_expiration-date-options":[]},"class_list":["post-2747","page","type-page","status-publish","hentry"],"_links":{"self":[{"href":"https:\/\/www.projekti.osdobje.si\/index.php?rest_route=\/wp\/v2\/pages\/2747","targetHints":{"allow":["GET"]}}],"collection":[{"href":"https:\/\/www.projekti.osdobje.si\/index.php?rest_route=\/wp\/v2\/pages"}],"about":[{"href":"https:\/\/www.projekti.osdobje.si\/index.php?rest_route=\/wp\/v2\/types\/page"}],"author":[{"embeddable":true,"href":"https:\/\/www.projekti.osdobje.si\/index.php?rest_route=\/wp\/v2\/users\/79491"}],"replies":[{"embeddable":true,"href":"https:\/\/www.projekti.osdobje.si\/index.php?rest_route=%2Fwp%2Fv2%2Fcomments&post=2747"}],"version-history":[{"count":1,"href":"https:\/\/www.projekti.osdobje.si\/index.php?rest_route=\/wp\/v2\/pages\/2747\/revisions"}],"predecessor-version":[{"id":2752,"href":"https:\/\/www.projekti.osdobje.si\/index.php?rest_route=\/wp\/v2\/pages\/2747\/revisions\/2752"}],"wp:attachment":[{"href":"https:\/\/www.projekti.osdobje.si\/index.php?rest_route=%2Fwp%2Fv2%2Fmedia&parent=2747"}],"curies":[{"name":"wp","href":"https:\/\/api.w.org\/{rel}","templated":true}]}}