{"id":2610,"date":"2024-01-04T12:17:54","date_gmt":"2024-01-04T11:17:54","guid":{"rendered":"https:\/\/dobprojekti.splet.arnes.si\/?page_id=2610"},"modified":"2024-06-19T10:02:08","modified_gmt":"2024-06-19T08:02:08","slug":"ka122-pripravljalni-obisk-na-poljskem","status":"publish","type":"page","link":"https:\/\/www.projekti.osdobje.si\/?page_id=2610","title":{"rendered":"Pripravljalni obisk na Poljskem"},"content":{"rendered":"\n<p>Ravnateljica Suzana Plemenita\u0161 in koordinatorica projekta Nata\u0161a Gobec sta se od 5. do 6. oktobra 2023 udele\u017eili pripravljalnega obiska na Osnovni \u0161oli na Poljskem <a href=\"https:\/\/www.zspbrzeznica.pl\/\">Zesp\u00f3\u0142 Szkolno \u2013 Przedszkolny w Brze\u017anicy<\/a>, v bli\u017eini Krakova.<\/p>\n\n\n\n<p>Skupaj s poljsko koordinatorico Edyta K\u0142eczek so oblikovale program mobilnosti, ki so se je na\u0161i u\u010denci udele\u017eili zadnji teden pred krompirjevimi po\u010ditnicami (23. \u2013 28. 10. 2023). Poleg programa sta raziskovali tudi mo\u017enosti nastanitve, uporabe javnega prevoza med mobilnostjo in kvalitetnega pre\u017eivljanja prostega \u010dasa, ki vklju\u010duje spoznavanje kulturnih znamenitosti, navad, skrbi za dobro fizi\u010dno in psihi\u010dno po\u010dutje.<\/p>\n","protected":false},"excerpt":{"rendered":"<p>Ravnateljica Suzana Plemenita\u0161 in koordinatorica projekta Nata\u0161a Gobec sta se od 5. do 6. oktobra 2023 udele\u017eili pripravljalnega obiska na Osnovni \u0161oli na Poljskem Zesp\u00f3\u0142 Szkolno \u2013 Przedszkolny w Brze\u017anicy, v bli\u017eini Krakova. Skupaj s poljsko koordinatorico Edyta K\u0142eczek so &hellip; <a href=\"https:\/\/www.projekti.osdobje.si\/?page_id=2610\">Beri naprej <span class=\"meta-nav\">&rarr;<\/span><\/a><\/p>\n","protected":false},"author":89974,"featured_media":0,"parent":0,"menu_order":0,"comment_status":"closed","ping_status":"closed","template":"","meta":{"ngg_post_thumbnail":0,"footnotes":"","_expiration-date-status":"","_expiration-date":0,"_expiration-date-type":"","_expiration-date-categories":[],"_expiration-date-options":[]},"class_list":["post-2610","page","type-page","status-publish","hentry"],"_links":{"self":[{"href":"https:\/\/www.projekti.osdobje.si\/index.php?rest_route=\/wp\/v2\/pages\/2610","targetHints":{"allow":["GET"]}}],"collection":[{"href":"https:\/\/www.projekti.osdobje.si\/index.php?rest_route=\/wp\/v2\/pages"}],"about":[{"href":"https:\/\/www.projekti.osdobje.si\/index.php?rest_route=\/wp\/v2\/types\/page"}],"author":[{"embeddable":true,"href":"https:\/\/www.projekti.osdobje.si\/index.php?rest_route=\/wp\/v2\/users\/89974"}],"replies":[{"embeddable":true,"href":"https:\/\/www.projekti.osdobje.si\/index.php?rest_route=%2Fwp%2Fv2%2Fcomments&post=2610"}],"version-history":[{"count":3,"href":"https:\/\/www.projekti.osdobje.si\/index.php?rest_route=\/wp\/v2\/pages\/2610\/revisions"}],"predecessor-version":[{"id":2814,"href":"https:\/\/www.projekti.osdobje.si\/index.php?rest_route=\/wp\/v2\/pages\/2610\/revisions\/2814"}],"wp:attachment":[{"href":"https:\/\/www.projekti.osdobje.si\/index.php?rest_route=%2Fwp%2Fv2%2Fmedia&parent=2610"}],"curies":[{"name":"wp","href":"https:\/\/api.w.org\/{rel}","templated":true}]}}