{"id":1449,"date":"2020-07-13T10:37:28","date_gmt":"2020-07-13T08:37:28","guid":{"rendered":"http:\/\/dobprojekti.splet.arnes.si\/?page_id=1449"},"modified":"2024-06-19T09:14:03","modified_gmt":"2024-06-19T07:14:03","slug":"ka203-2","status":"publish","type":"page","link":"https:\/\/www.projekti.osdobje.si\/?page_id=1449","title":{"rendered":"KA201"},"content":{"rendered":"\n<p>Klju\u010dni ukrep KA201 poudarja sodelovanje med \u0161olami iz razli\u010dnih dr\u017eav EU, z namenom izbolj\u0161anja izobra\u017eevanja z <strong>izmenjavo idej in praks, razvoja novih na\u010dinov pou\u010devanja in u\u010denja, spodbujanja medkulturnega razumevanja med u\u010denci<\/strong>, s posebnim poudarkom na pomo\u010di ranljivim skupinam.<\/p>\n\n\n\n<p>Vklju\u010dene \u0161ole organizirajo skupne projekte, izmenjave u\u010diteljev in u\u010dencev ter razvijajo nove metode pou\u010devanja.<\/p>\n","protected":false},"excerpt":{"rendered":"<p>Klju\u010dni ukrep KA201 poudarja sodelovanje med \u0161olami iz razli\u010dnih dr\u017eav EU, z namenom izbolj\u0161anja izobra\u017eevanja z izmenjavo idej in praks, razvoja novih na\u010dinov pou\u010devanja in u\u010denja, spodbujanja medkulturnega razumevanja med u\u010denci, s posebnim poudarkom na pomo\u010di ranljivim skupinam. Vklju\u010dene \u0161ole &hellip; <a href=\"https:\/\/www.projekti.osdobje.si\/?page_id=1449\">Beri naprej <span class=\"meta-nav\">&rarr;<\/span><\/a><\/p>\n","protected":false},"author":89974,"featured_media":0,"parent":0,"menu_order":0,"comment_status":"closed","ping_status":"closed","template":"","meta":{"ngg_post_thumbnail":0,"footnotes":"","_expiration-date-status":"","_expiration-date":1718781238,"_expiration-date-type":"draft","_expiration-date-categories":[],"_expiration-date-options":[]},"class_list":["post-1449","page","type-page","status-publish","hentry"],"_links":{"self":[{"href":"https:\/\/www.projekti.osdobje.si\/index.php?rest_route=\/wp\/v2\/pages\/1449","targetHints":{"allow":["GET"]}}],"collection":[{"href":"https:\/\/www.projekti.osdobje.si\/index.php?rest_route=\/wp\/v2\/pages"}],"about":[{"href":"https:\/\/www.projekti.osdobje.si\/index.php?rest_route=\/wp\/v2\/types\/page"}],"author":[{"embeddable":true,"href":"https:\/\/www.projekti.osdobje.si\/index.php?rest_route=\/wp\/v2\/users\/89974"}],"replies":[{"embeddable":true,"href":"https:\/\/www.projekti.osdobje.si\/index.php?rest_route=%2Fwp%2Fv2%2Fcomments&post=1449"}],"version-history":[{"count":12,"href":"https:\/\/www.projekti.osdobje.si\/index.php?rest_route=\/wp\/v2\/pages\/1449\/revisions"}],"predecessor-version":[{"id":2702,"href":"https:\/\/www.projekti.osdobje.si\/index.php?rest_route=\/wp\/v2\/pages\/1449\/revisions\/2702"}],"wp:attachment":[{"href":"https:\/\/www.projekti.osdobje.si\/index.php?rest_route=%2Fwp%2Fv2%2Fmedia&parent=1449"}],"curies":[{"name":"wp","href":"https:\/\/api.w.org\/{rel}","templated":true}]}}