{"id":1433,"date":"2020-07-13T10:36:35","date_gmt":"2020-07-13T08:36:35","guid":{"rendered":"http:\/\/dobprojekti.splet.arnes.si\/?page_id=1433"},"modified":"2024-01-10T08:57:46","modified_gmt":"2024-01-10T07:57:46","slug":"ka229","status":"publish","type":"page","link":"https:\/\/www.projekti.osdobje.si\/?page_id=1433","title":{"rendered":"KA229"},"content":{"rendered":"<p>Klju\u010dni ukrep KA 229 omogo\u010da sofinanciranje projektov, partnerstev za izmenjavo med vzgojno-izobra\u017eevalnimi in\u0161titucijami. S tovrstnimi projekti \u017eelimo ne le povezati na\u0161e u\u010dence ter u\u010ditelje, temve\u010d jim omogo\u010diti povezovanje z evropskimi kolegi oziroma u\u010denci.<\/p>\n\n\n<p><strong>Namen aktivnosti<\/strong>\u00a0je spodbuditi izmenjavo dobrih praks ter razvoj, prenos in implementacijo inovativnih praks na organizacijski, lokalni, regionalni, nacionalni in\u00a0<strong>evropski ravni<\/strong>.<\/p>\n","protected":false},"excerpt":{"rendered":"<p>Klju\u010dni ukrep KA 229 omogo\u010da sofinanciranje projektov, partnerstev za izmenjavo med vzgojno-izobra\u017eevalnimi in\u0161titucijami. S tovrstnimi projekti \u017eelimo ne le povezati na\u0161e u\u010dence ter u\u010ditelje, temve\u010d jim omogo\u010diti povezovanje z evropskimi kolegi oziroma u\u010denci. Namen aktivnosti\u00a0je spodbuditi izmenjavo dobrih praks ter &hellip; <a href=\"https:\/\/www.projekti.osdobje.si\/?page_id=1433\">Beri naprej <span class=\"meta-nav\">&rarr;<\/span><\/a><\/p>\n","protected":false},"author":89974,"featured_media":0,"parent":0,"menu_order":0,"comment_status":"closed","ping_status":"closed","template":"","meta":{"ngg_post_thumbnail":0,"footnotes":"","_expiration-date-status":"","_expiration-date":0,"_expiration-date-type":"","_expiration-date-categories":[],"_expiration-date-options":[]},"class_list":["post-1433","page","type-page","status-publish","hentry"],"_links":{"self":[{"href":"https:\/\/www.projekti.osdobje.si\/index.php?rest_route=\/wp\/v2\/pages\/1433","targetHints":{"allow":["GET"]}}],"collection":[{"href":"https:\/\/www.projekti.osdobje.si\/index.php?rest_route=\/wp\/v2\/pages"}],"about":[{"href":"https:\/\/www.projekti.osdobje.si\/index.php?rest_route=\/wp\/v2\/types\/page"}],"author":[{"embeddable":true,"href":"https:\/\/www.projekti.osdobje.si\/index.php?rest_route=\/wp\/v2\/users\/89974"}],"replies":[{"embeddable":true,"href":"https:\/\/www.projekti.osdobje.si\/index.php?rest_route=%2Fwp%2Fv2%2Fcomments&post=1433"}],"version-history":[{"count":16,"href":"https:\/\/www.projekti.osdobje.si\/index.php?rest_route=\/wp\/v2\/pages\/1433\/revisions"}],"predecessor-version":[{"id":2707,"href":"https:\/\/www.projekti.osdobje.si\/index.php?rest_route=\/wp\/v2\/pages\/1433\/revisions\/2707"}],"wp:attachment":[{"href":"https:\/\/www.projekti.osdobje.si\/index.php?rest_route=%2Fwp%2Fv2%2Fmedia&parent=1433"}],"curies":[{"name":"wp","href":"https:\/\/api.w.org\/{rel}","templated":true}]}}